 21 = 5*j - 168. Calculate the remainder when j is divided by 11.
5
Suppose -2*g - 25 = -7*g. Let z be (3/g)/((-3)/(-75)). Suppose 0 = 2*o - 73 - z. What is the remainder when o is divided by 16?
12
Calculate the remainder when ((-4)/(-5))/(42/1995) is divided by 30.
8
Suppose -76*l - i - 15 = -77*l, -20 = -5*i. Calculate the remainder when 64 is divided by l.
7
Suppose -89*i - 30 = -91*i. Calculate the remainder when 792 is divided by i.
12
Calculate the remainder when 78 is divided by (0 + -2)*(423/(-18) + -1).
29
Suppose 95 = u - 157. What is the remainder when u is divided by 64?
60
Let y = -75 - -89. Suppose -y*v - 15 = -43. What is the remainder when 6 is divided by v?
0
Let v(q) = -13*q + 716. What is the remainder when 79 is divided by v(54)?
9
Suppose 0 = -15*t + 14*t + 38. Let h = -33 + t. Let y(s) = -s**2 - 10*s - 6. Calculate the remainder when y(-6) is divided by h.
3
What is the remainder when ((-192)/21)/((-1)/7) is divided by 24?
16
Let p(k) = k**3 + 37. Let w = -3 - -5. Calculate the remainder when p(0) is divided by 1*w/((-2)/(-13)).
11
Suppose -555 = -3*b - 0*b. What is the remainder when 146 is divided by (1/(10/b))/(2/4)?
35
Let m = -45 + 68. Suppose 18*s = m*s - 75. What is the remainder when 43 is divided by s?
13
Let r = 55 - 32. Suppose 0 = 5*f - 3*f - 172. Calculate the remainder when f is divided by r.
17
Let l = 4 + -6. Let u = l - -7. Suppose h = 3*b + 17, 5*h + 5*b - 6*b = 15. What is the remainder when u is divided by h?
1
Calculate the remainder when 35 is divided by -7 - -3 - 7/(-1).
2
What is the remainder when (56 + 1)/(216/64 - 3) is divided by 32?
24
Let u be 1/((-15)/6 + 2). Let z be u/(-4) - (-54)/4. Suppose 2 = -4*a + z. What is the remainder when 3 is divided by a?
0
Suppose 2*l + 14 - 2 = -4*n, 5*l + 2*n + 30 = 0. Let o be (4/l)/(2/9). Let t(x) = 2*x**2 + x - 3. What is the remainder when 23 is divided by t(o)?
11
Let h = 162 + -85. Let i = 187 + -167. What is the remainder when h is divided by i?
17
Suppose 5*v = -5, -5*n - v - 109 = -2*v. Let w = -6 - n. Calculate the remainder when 92 is divided by w.
12
Suppose -63*y + 66*y = 45. Calculate the remainder when 1182 is divided by y.
12
Let m(o) = 9*o - 9. Suppose -2 = 5*h + 18. Let t = h + 8. What is the remainder when m(t) is divided by 7?
6
Let t = -513 + 566. Calculate the remainder when 262 is divided by t.
50
Suppose 2*x + 3*a + 15 = 6*x, 15 = 5*a. Let d(v) = 2*v**2 - 12*v + 5. Calculate the remainder when 27 is divided by d(x).
2
Let r(d) = 4*d**2 + 14*d + 61. Calculate the remainder when r(-4) is divided by 6.
3
Let g = 259 + -247. Calculate the remainder when 18 is divided by g.
6
Let r be (-2*2)/(8/(-100)). Let s = r + -26. Calculate the remainder when ((-2)/4)/((-2)/s) is divided by 4.
2
Let j = 82 - 67. Suppose -4*r + 2*o + 26 = -r, 4*o = r - 22. Calculate the remainder when j is divided by r.
3
What is the remainder when 43 is divided by 106/10 + (32/5 - 6)?
10
Let q(t) = -91*t - 2. Let v be q(-2). Let o = -47 + v. Calculate the remainder when o is divided by 34/6*(-18)/(-3).
31
Let n be -5 + (-46)/(-10) + 13/(-5). Calculate the remainder when 30 is divided by (n - -23)*8/10.
14
Suppose 14 + 8 = 2*c. Let k = 219 - 216. Calculate the remainder when c is divided by k.
2
Suppose 2*b + b + 3*j - 102 = 0, 5*b = -4*j + 171. Suppose 5*o - o = 276. Calculate the remainder when o is divided by b.
34
Let y = 63 - 10. Suppose -3*u = -2*q - 4*u + 80, 2*q - 64 = 3*u. Let z = y - q. What is the remainder when 58 is divided by z?
13
Let j = 483 + -477. Calculate the remainder when 99 is divided by j.
3
Let m(g) = 3*g**3 + 3*g - 2*g**3 + 11*g**2 + 0*g**3 + 2 + 7*g. Let x be m(-10). Calculate the remainder when 122 is divided by 154/6 + x/(-3).
22
Suppose 2*s - 145 = 73. Calculate the remainder when s is divided by 11.
10
Let o = -26 - -20. What is the remainder when (o*3)/((-3)/4) is divided by 14?
10
Let a = 123 + -119. Suppose 4*k = a*b + 28, 3*k + 4*b = b + 27. Calculate the remainder when 9 is divided by k.
1
Suppose 3*q - q - 62 = 0. Suppose -26 = 27*t - 142 - 1531. Calculate the remainder when t is divided by q.
30
Let g(p) = -38*p + 385. What is the remainder when 819 is divided by g(10)?
4
Let k be (-6)/63*3 - (-222204)/84. What is the remainder when 18/15 + -1 + k/25 is divided by 55?
51
Let p(m) be the second derivative of m**3/2 + 7*m**2/2 - 42*m. What is the remainder when 90 is divided by p(4)?
14
Let u be 780/9 + (-1)/(-3). Suppose 3*y = 432 - u. Suppose -8*s = -3*s - y. What is the remainder when s is divided by 8?
7
Let k = 723 + -536. Calculate the remainder when k is divided by 92.
3
Let s be 1 - (-2)/(-1) - 176/11. Let m(t) = -t**3 - 17*t**2 - 4*t - 1. Let i(c) = 3*c - 4. What is the remainder when m(s) is divided by i(7)?
16
Suppose -11*p + 279 + 964 = 0. What is the remainder when p is divided by 30?
23
Suppose 4*d - 4*z = 84, -d + 3*z - 56 = -81. What is the remainder when d is divided by 10?
9
Suppose 428 = 17*a - 14. Let w = -5 + 7. Suppose -5*l = -w*b + 23, 0 = -4*b + 3*l + 30 + 23. Calculate the remainder when a is divided by b.
12
Suppose -4*m + 8 + 4 = 0. Suppose 0 = 3*k - 4*l - l - 15, 2*k - 10 = 5*l. Suppose -17 = k*v - 72. Calculate the remainder when v is divided by m.
2
Suppose 3*x = 3*u + 2*x - 62, 3*u - 2*x - 58 = 0. Calculate the remainder when 56 is divided by u.
12
Suppose 5*b - 75 = 10. Let f(i) = -i**3 + 6*i**2 + 2*i - 2. Suppose -o + 2*g = -1 - 1, -5*o + 3*g + 24 = 0. Calculate the remainder when b is divided by f(o).
7
Let q = -1161 - -1260. What is the remainder when 887 is divided by q?
95
Let d(t) = t**3 + 7*t**2 + 5*t + 2. Suppose b + 0*b + 20 = 0. What is the remainder when d(-4) is divided by (18/(-45))/(1/b)?
6
Suppose 27 = 7*g - 78. Suppose -5*m - 3*i = -41, -i = -3*m - 6*i + g. Calculate the remainder when 27 is divided by m.
7
Suppose -3*k - 4*h - 3 = -16, k + 2 = 5*h. Calculate the remainder when 31 is divided by k.
1
Let f = -698 - -1338. Calculate the remainder when f/(-15)*(-27)/12 is divided by 50.
46
Suppose 0 = -x - d + 99, 6*x = 4*x + 4*d + 210. What is the remainder when x is divided by 27?
20
Let b = -55 - -93. Calculate the remainder when b is divided by 14.
10
Suppose -49 = -4*v - 3*x, 2*v + 5*x - 60 = -3*v. Calculate the remainder when (4/(-3))/(5/(-135)) is divided by v.
10
Let g(r) = r**3 + 7*r**2 + 5*r + 2. Let h be 32/56*(-14)/(-4). Suppose -10 = -0*n - h*n, -2*b + 2*n = -34. Calculate the remainder when b is divided by g(-6).
6
Let j(c) = c + 4. Let x(t) = -2*t - 9. Let w(f) = -11*j(f) - 6*x(f). What is the remainder when w(6) is divided by 7?
2
Suppose 16*b - 4 = 14*b. Suppose -i + b*i = -5*k + 28, 20 = i + 3*k. Calculate the remainder when 15 is divided by i.
7
Suppose 3*m = -5*r + 99, 9*m = -4*r + 4*m + 87. Let z = 96 + -83. Calculate the remainder when z is divided by 3/(-6) + r/4.
1
Let q(m) = -12*m + 7. What is the remainder when 49 is divided by q(0)?
0
Suppose -82 = 12*a - 250. What is the remainder when 54 is divided by a?
12
Let i(y) = y**2 + 3*y - 10. Let h be i(-8). What is the remainder when ((-8)/24)/((-2)/h) is divided by 9/4 - (-1)/(-4)?
1
Suppose 37*d = -270 + 3785. What is the remainder when 95 is divided by d?
0
Suppose -8*t = -3*t + 2*t. Let a be 263/5 - (-2)/5. Suppose 3*p - a - 11 = -5*x, t = -5*p + 2*x + 86. What is the remainder when 34 is divided by p?
16
Let u = -24 - -49. Suppose 129 = 6*n - 81. Suppose 0 = -7*y + 56 + n. What is the remainder when u is divided by y?
12
Let j(n) = -n**2 + 14*n + 20. Let b be j(10). Suppose 4*x - b = 2*x. What is the remainder when x is divided by 8?
6
What is the remainder when 64 is divided by 3885/135 + 6/27?
6
Suppose -3*o + 2*o - 2*h - 2 = 0, -o = -h - 13. Suppose 0 = -4*q + o*q - 20. Suppose -u + 3 = 6, q*r + 4*u = -2. Calculate the remainder when 6 is divided by r.
0
Let m(r) = 33*r - 483. What is the remainder when 174 is divided by m(16)?
39
Let f(y) = -15*y**3 + y**2 + 2*y - 2. Let w be f(1). Calculate the remainder when 20 is divided by (2 + -5)/(6/w).
6
Suppose m + 43 = -0*m - 3*v, 0 = 3*m + 3*v + 99. Let j = m - -32. Calculate the remainder when 25 is divided by j.
1
Let l(v) = -2*v - 20. Let k be l(-10). Suppose k*r - r + 9 = 0. Calculate the remainder when 24 is divided by r.
6
Let r(z) = -3*z + 9. Let f be 